 of -1 - y/33 - o/22?
0
Let a = -7722 + 23500. What is the ten thousands digit of a?
1
What is the thousands digit of 18/(((-280)/(-25))/(-14) - (-2358)/2935)?
5
Let a(x) = 20*x - 15. Let s be (-638)/(-8) + (-5)/(40/6). Let l = s + -74. What is the tens digit of a(l)?
8
Let r = 20 + -26. Let d be (r + 36)*(-24)/(-9). Let a = d + -22. What is the tens digit of a?
5
Let a = -761 - -766. Suppose a*g - 6794 = -4*m - 2503, 5*g + 5*m - 4295 = 0. What is the tens digit of g?
5
Suppose 303877 = 116*g - 54215. What is the thousands digit of g?
3
Let f = 3278 - -6320. What is the tens digit of f?
9
Let a be 6/(-3) + -1 + 5. Suppose a = -c, -3*c - 15 = -2*s - s. What is the tens digit of ((-49)/3 - s)*-3?
5
Suppose 209560 - 37808 = 14*l. What is the thousands digit of l?
2
Let v = 44 - 47. Let k(n) = -178*n**3 - 2*n**2 + 2*n + 1. Let c(p) = -178*p**3 - 3*p**2 + 3*p + 2. Let r(s) = v*c(s) + 4*k(s). What is the units digit of r(-1)?
8
Let m be ((-2)/(-3))/((-1)/93). Let j be ((-3)/(27/(-1236)))/(8/6). Let v = j + m. What is the tens digit of v?
4
Let a(l) = 119*l**2 - 274*l - 13. What is the thousands digit of a(7)?
3
Suppose -8254*c + 8263*c - 165323 = 265930. What is the ten thousands digit of c?
4
Let f(m) = 3*m**3 - 22*m**2 - 9*m - 142. What is the units digit of f(18)?
4
Suppose 11*p - 6*p = -r + 100528, 4*p - 80426 = r. What is the tens digit of p?
0
Let r = 10763 - 4535. What is the tens digit of r?
2
Suppose -12*y - 6*y + 382320 = -6*y. What is the hundreds digit of y?
8
Let r = 47 - 32. Suppose r + 27 = -7*k. What is the tens digit of 7/3 + -2 + (-304)/k?
5
Let u(r) = -6*r - 143. Let w be u(-26). Suppose 6*s + 6216 = w*s. What is the hundreds digit of s?
8
Let f be 34/9 - 72/(-324). Suppose f*k - 1957 + 437 = 0. What is the tens digit of k?
8
Let m(c) = -c**2 + 3. Let x be m(-2). Let t be (-154)/(-1) - (-2 + 1 + x). Let w = -75 + t. What is the tens digit of w?
8
Let k(w) = w**2 - 7*w - 78. Let b be k(-6). Suppose -308 = 4*l - 6*l - v, -l + v + 151 = b. What is the units digit of l?
3
Suppose 0 = 4*m - 99 - 57. Let q = 1029 + -1024. Suppose m = i - q*z + 4*z, -z = i - 37. What is the units digit of i?
8
Suppose -12*d - 15345 = -21*d. Suppose 142*p = 137*p + d. What is the tens digit of p?
4
Suppose 59 = 11*u - 51. Suppose 15 + 65 = u*v. Suppose 0 = v*w + 12*w - 2660. What is the hundreds digit of w?
1
Suppose 0 = -2*g - 5*w + 36, 5*g - 32 = -w + 12. Suppose -10 = 2*b + b + n, -2*b - n = g. What is the tens digit of 46 + (b - (-6)/2)?
4
Suppose 153 = 11*o + 43. What is the units digit of 2/o - (-1 + (-1407)/15)?
5
Let r(i) = 1134*i**2 - 376*i + 66. What is the units digit of r(9)?
6
Let q = 1890 - 925. Suppose -2*f + a = -q, 0 = f - 2*a + a - 481. What is the hundreds digit of f?
4
Let a = 72 + 8. Suppose -4*r + 9*r = a. Suppose 2*s - 18 = -r. What is the units digit of s?
1
Suppose 22*v = 2121 + 453. Let s = 147 - v. What is the units digit of s?
0
Suppose 4*l = -35 - 53. Let k be (-2)/11 - 290/l. Suppose -k*p = -16*p + 66. What is the units digit of p?
2
Let h = -5144 + 8677. What is the tens digit of h?
3
Let j = 349 + 80. Suppose 0 = -12*b - 9 + j. What is the units digit of b?
5
Suppose -2*j + 150746 = 3*w, 5*j - 298443 = -5*w - 47213. What is the thousands digit of w?
0
Suppose 1904*x + 13124 = 1921*x. What is the hundreds digit of x?
7
Let w be (-11 + -1)/((-72)/(-1056)). Let y = 334 - w. What is the hundreds digit of y?
5
What is the ten thousands digit of 14/(-4)*(521241/(-147) - 23)?
1
Let n be (-3 - -2)/(-4) - 2476/(-16). Let z = 185 - n. What is the units digit of z?
0
Let d be (-85)/(-3) + 99/27 + -4. Suppose d*n = 4*o + 29*n - 1975, 2*n - 6 = 0. What is the hundreds digit of o?
4
Let s = 15 + -4. Let x(t) = t**2 - 14*t + 11. Let k be x(16). Let g = s + k. What is the tens digit of g?
5
Let t(w) = 489*w + 382. What is the units digit of t(106)?
6
Suppose 638 = n - 86. What is the units digit of (-1)/(((-8)/(-64))/(n/(-8)))?
4
What is the tens digit of (465153/(-65))/((-6)/35) - (-1)/2?
4
Suppose 0 = -4*g + 4*x + 1992, 2*g + 2*x + 2505 = 7*g. Let a = g + -300. What is the units digit of a?
3
Let g = 165 + -91. Suppose 70*c - g*c = -868. Suppose -5*i - 2*k + 490 = 0, 2*i = -5*k - 0*k + c. What is the units digit of i?
6
Let o = -1 - -1. Let l(m) be the first derivative of -m**3/3 + m**2/2 + 20*m - 493. What is the units digit of l(o)?
0
Let u be (-12 - -166) + 1*3. Let b = 229 - u. Let d = b - 29. What is the units digit of d?
3
Suppose -19*n + 4*q = -22*n + 3542, -7*n + 4*q + 8318 = 0. What is the thousands digit of n?
1
Let k(r) = 6*r - 7. Let n be k(2). Suppose 270 + 640 = n*j. What is the tens digit of j?
8
Let f(l) = 72*l - 59. Let u be -3 + (-11)/((-22)/14). What is the hundreds digit of f(u)?
2
Suppose 2*a = i - 9961, 79*i - 49860 = 74*i - a. What is the hundreds digit of i?
9
Let q(d) = 9*d**2 - 89*d - 11. Let r(n) = 5*n**2 - 45*n - 5. Let o(t) = -3*q(t) + 5*r(t). What is the hundreds digit of o(16)?
1
Suppose -7*l + 9195 + 52881 = 0. What is the thousands digit of l?
8
What is the hundreds digit of (92774 - 16) + -8 + 10 + -5?
7
Let f(l) = 3*l - 5. Let w be f(2). Let p(z) be the first derivative of 17*z**2 + 3*z + 17. What is the tens digit of p(w)?
3
Let g = -87 - -87. Let t be g - (26/(-65) - 2/(-5)). Suppose -2*s = -u + 146, u = -s - t*s + 155. What is the units digit of u?
2
Suppose 0 = o + 20 + 21. Let k = 52 + o. Let h(g) = -g**3 + 12*g**2 - g - 6. What is the hundreds digit of h(k)?
1
Let y(x) be the first derivative of -x**3/3 + 16*x**2 - 6*x - 41. What is the units digit of y(21)?
5
Let p(w) = 9*w**3 - 18*w**2 - 4*w + 10. Let f be p(6). Let t = f - 185. What is the units digit of t?
7
Suppose -38817 - 62207 = -11*k. Suppose -30*a = -24656 - k. What is the hundreds digit of a?
1
Suppose -2*s - 3*q = -22785 + 2345, -5*q + 20452 = 2*s. What is the tens digit of s?
1
Suppose 289 + 451 = 20*m. Suppose m*d - 1830 = 35*d. What is the tens digit of d?
1
Suppose 0 = 453*a - 463*a + 50100. What is the tens digit of a?
1
Let b(y) = 47*y**3 + 35*y**2 - 67*y + 383. What is the hundreds digit of b(11)?
4
Let z(x) be the first derivative of 7*x**3 - 6*x**2 - 5*x + 75. What is the tens digit of z(-3)?
2
Let a = 6103 - 3266. Let n = -1315 + a. What is the tens digit of n?
2
Let f(v) = v**2 + 19*v + 15. Let q be f(-17). Let j(w) = -3*w - 54. Let g be j(q). Suppose -132 = m - g*m. What is the tens digit of m?
6
Suppose 2*f = -5*n + 15398, 3085 = 3*n - 2*n - 5*f. Suppose n = 32*b - 21*b. What is the units digit of b?
0
Let u be -60 - (72/(-45))/((-2)/(-5)). Let p = 489 + u. What is the units digit of p?
3
Suppose -23372 - 8919 = -3*b + 40900. What is the ten thousands digit of b?
2
Suppose -c = -5*o - 6438, -29*c + 28*c + 4*o = -6434. What is the hundreds digit of c?
4
Suppose -5*z = 1260 - 315. Let p = -337 - z. Let l = p + 339. What is the tens digit of l?
9
Suppose -10*t = -12*t. Suppose -13*s + 7449 - 1196 = t. What is the tens digit of s?
8
Suppose -24*j - 17874640 = -10*j - 486*j. What is the ten thousands digit of j?
3
Let i = -29 + 23. Let o be (3 + (-36)/20)/(i/(-3460)). Suppose -4*f + o = -5*s, 0 = 3*f - 0*s - 2*s - 526. What is the hundreds digit of f?
1
Let k be 1/((-2)/(-7) - (-10244)/(-35952)). Let t = -39 + k. What is the thousands digit of t?
1
What is the units digit of (-4)/((-72)/26118) + (-2)/1?
9
Let p be -25*10/(-75) - (-1)/(-3). Suppose -4*s - 5*a + 2991 = 0, -p*s - 6*a + 2*a + 2242 = 0. What is the units digit of s?
4
Let s(n) = -n**3 + 11*n**2 - 7*n - 10. Let y be s(10). Let a be 30/y*(-1 - 3). Let c(k) = -14*k + 25. What is the units digit of c(a)?
9
Suppose -u + w + 20 = -3*w, 3*u = 5*w + 32. Suppose -761 = -3*n - 0*n + 4*m, 0 = u*n - 5*m - 1013. What is the units digit of n?
7
Let v(x) = -x - x**3 + 2 - 8*x**2 + 5*x**2 - 1. Let d be v(-1). What is the tens digit of d - 2*60/(-8)?
1
Let t(h) = -h**2 + 24. Let v be t(0). Suppose 3678 = -18*d + v*d. What is the hundreds digit of d?
6
Let j(y) be the second derivative of 5*y**3/6 - 2*y**2 - 33*y. Let v be j(4). Suppose -13*r + v*r = 147. What is the units digit of r?
9
Let y(t) = t**2 - t. Let f(h) = h**3 + 12*h**2 - 11*h - 1. Let n(k) = f(k) - 2*y(k). What is the tens digit of n(-5)?
6
Let m(p) = -p**2 + 5*p + 7. Let z be m(4). Suppose -6*s - z*s + 3689 = 0. W